= 135 - s. What is the greatest common factor of c and 10?
10
Let p = -37 + 49. What is the highest common divisor of p and 9?
3
Let j(m) = -m. Let p be j(0). Suppose p*v - 54 = -2*v. What is the greatest common factor of v and 9?
9
Let c be 4/16 + (-252)/(-16). Suppose 0*k = 4*k - 64. Calculate the greatest common factor of k and c.
16
Suppose 4*u - 3*i - 174 = 0, -2*i - 80 = -2*u + 3*i. Suppose 8*x + u = 11*x. What is the highest common factor of x and 3?
3
Suppose -5*o + 556 = v, -4*v - 107 = -0*o - o. Let t = o + 24. What is the highest common factor of 15 and t?
15
Let w(x) = 107*x**2 - 2*x - 1. Let l be w(-1). Suppose n - 16 = p, 0 = -4*n + 5*p + l - 40. What is the highest common factor of 84 and n?
12
Suppose -33 + 12 = -3*v + u, v - u = 9. What is the greatest common factor of v and 6?
6
Let t be (76/6)/(3/(-27)). Let f be ((-2)/3)/(4/t). Suppose -5*l - 5*k + f = -6, -14 = -4*l - k. Calculate the greatest common divisor of l and 2.
1
Let s(b) = b + 3. Let l be s(-3). Suppose l = -2*v + v + 7. Calculate the greatest common divisor of v and 21.
7
Let k(s) = s**2 + 10*s - 1. Let n be k(-11). Calculate the greatest common divisor of 10 and n.
10
Let p(l) = 0*l + l**2 + l + 6*l + 8. Let g be p(-7). Suppose 12 + g = 5*k. What is the highest common divisor of k and 4?
4
Suppose -5*g = -h, -3*h - g = -7*h. Suppose h = 2*j + 2*j - 56. Let q be j*(2 - 9/6). What is the greatest common divisor of 21 and q?
7
Suppose l = -5*s - 16, 11 = 2*l + s - 2. What is the greatest common divisor of 1 and l?
1
Let l be -6*((-9)/(-2))/(-3). Calculate the highest common divisor of l and 18.
9
Suppose -2*j = -7*j + 150. What is the greatest common factor of j and 12?
6
Let p be 278/7 + (-10)/(-35). Suppose -i + 5*q = p, -35 = 5*i - 2*i + 2*q. Let v be 108/i*(-5)/1. What is the highest common divisor of v and 12?
12
Let v be 26/(((-9)/4)/(-9)). What is the greatest common factor of 13 and v?
13
Suppose -2*o = -23 - 3. Calculate the highest common factor of 13 and o.
13
Let j(o) = -5*o - 3. Let c be j(-6). Let k = 35 + -17. Calculate the greatest common divisor of c and k.
9
Suppose 0 = 15*t - 6*t - 90. Calculate the highest common divisor of t and 10.
10
Let p be (0 + -1)*(5 - 17). What is the highest common factor of p and 108?
12
Let k(y) = y**3 - 6*y**2 + 3*y + 3. Let x be k(3). Let v be (x/(-12))/((-2)/(-136)). Suppose v - 25 = 5*p. What is the greatest common factor of 108 and p?
12
Let l = 18 + -3. Suppose -p = -4*p + 5*g + 80, 0 = 3*p + g - 92. What is the highest common factor of l and p?
15
Let a(h) = -h**2 + 5*h + 12. Let v be a(6). Calculate the greatest common divisor of 54 and v.
6
Let f(j) = 2*j**2 - 9*j + 9. Let h(i) = -2*i - 10. Let u be h(-8). Let a be f(u). What is the highest common factor of 3 and a?
3
Let r(v) = -4*v - 2. Let d be r(-4). What is the highest common factor of d and 28?
14
Suppose 2*t - 27 + 11 = 5*j, 2*t = -3*j. Suppose 2*w - t*w = -146. Suppose -w = -4*q - 50. Calculate the highest common divisor of q and 16.
8
Suppose 2*a - 1 = 7. Suppose -5*s - 3*x = -x - 17, 16 = -a*x. What is the highest common divisor of s and 40?
5
Let s(b) = 2*b**2 - 7*b - 3. Let n be s(5). What is the greatest common factor of 3 and n?
3
Let z(t) = -t**3 - 7*t**2 - 12*t + 3. Let x be z(-5). What is the greatest common divisor of x and 39?
13
Suppose 3*b + 0*h - 44 = -4*h, 0 = 2*h + 8. Suppose -f = -3*o + 28, o - b = -f - 4*f. Let a = 19 + -4. Calculate the greatest common factor of a and o.
5
Let g = -43 - -58. Suppose -654 = -4*j - 3*l, 3*j = 7*j - 4*l - 668. What is the greatest common divisor of j and g?
15
Let p = -11 - 1. Let l be 2/(-5) - p/5. Let w be 6 - 2 - (1 - l). Calculate the greatest common factor of 40 and w.
5
Let v = 52 + -5. Let z be (-1)/2 + (-212)/8. Let q = z + v. What is the highest common factor of 8 and q?
4
Let a be 2/(-3) + 14/(-6). Let j be a*(-1 - (-1)/(-3)). Suppose 0 = -0*d + 5*d + 5*w - 100, d = -4*w + 20. What is the greatest common factor of d and j?
4
Suppose -3*p = -59 - 37. Let v = 109 - p. Calculate the highest common divisor of 11 and v.
11
Let f(w) = -w**2 + 7*w - 6. Let u be f(6). Suppose -l - o = -u*o - 45, -2*l + 96 = 5*o. Let q = -13 + l. What is the highest common factor of 20 and q?
10
Suppose -2*i = o + 12 - 42, -3*o + 90 = 3*i. What is the highest common factor of o and 10?
10
Suppose -z = 2*z - 189. Suppose 0*d - 11 = 2*y - 5*d, 3*d = 4*y - 13. Calculate the highest common factor of y and z.
7
Suppose 0 = -0*a + 4*a. Suppose a = 3*n - 8 - 10. Calculate the greatest common factor of n and 6.
6
Let x be -10*(6/(-5) + 0). Suppose -25 = 6*r - r. Let t(q) = -20*q - 4. Let a be t(r). What is the greatest common factor of x and a?
12
Let g(k) = -k**3 + 6*k**2 + 6*k + 5. Let a be g(7). Let u be 19/3 - a/3. Let z be 96/7 - 2/(-7). What is the greatest common factor of u and z?
7
Let r be 11/55 - (-218)/10. What is the greatest common factor of r and 11?
11
Let t(j) = 2*j + 6. Let c be t(12). Calculate the greatest common factor of 6 and c.
6
Suppose -4*u - 2*z = -6*z - 952, 461 = 2*u - 5*z. What is the greatest common factor of u and 27?
27
Let f(k) = -k + 1. Let h = 5 + -7. Let x be f(h). Suppose -42 = -0*d - x*d. What is the highest common divisor of d and 126?
14
Suppose -8 = 3*v - 548. Suppose -6*f + f = -v. What is the highest common divisor of 24 and f?
12
Let y be 1 - (1 + -4 - (7 - -97)). Calculate the greatest common divisor of 9 and y.
9
Let c(g) = -g**3 + 7*g**2 + 10*g - 4. Let o be c(8). Suppose 5*m + 5*r + 7 + 3 = 0, -3*m - 4*r - 11 = 0. What is the greatest common divisor of o and m?
3
Suppose -3*p = -6*p + 12. Let i be (4/8)/(2/820). Let a be i/20 + (-1)/4. Calculate the highest common factor of a and p.
2
Suppose -3*m + 18 = -4*p, -p - 2 = -m + 4. Let q be 3/3 + (m - -1). Let y be (q/(-3))/((-2)/3). What is the highest common factor of y and 28?
4
Let u(i) = -i - 1. Let n be u(-4). Let m be (-28)/6 + (-1)/n. Let g be (-2 + 166/(-5))*m. What is the highest common factor of g and 16?
16
Let z = -5 + 10. Suppose w + 25 = 4*s - 2*w, -z*s - 2*w = -60. What is the highest common factor of s and 25?
5
Let m be 752/22 + 2/(-11). Suppose -2*f + 38 = 4*l - m, 60 = 4*l + 5*f. What is the greatest common divisor of 50 and l?
10
Let c be (-4)/(1/(30/4)). Let i(v) = 41*v**2 - 2*v - 1. Let g be i(-1). Let y = c + g. What is the highest common divisor of 18 and y?
6
Suppose o = 6*o - 20. Suppose 4*f = 4*b + 36, -o*b + 2*b - 9 = f. Let j(m) = m**3 + 7*m**2 + 4*m. Let k be j(b). What is the highest common factor of k and 84?
12
Suppose -26*f + 18 = -24*f. What is the highest common factor of f and 9?
9
Let d = 54 + -19. What is the highest common factor of d and 175?
35
Let j be -31 + 8/(-4) + 3. Let h be (3/(-3) - 0)*j. What is the greatest common divisor of 75 and h?
15
Let j = 4 + -4. Suppose 5*x = -h + 74, 2*h + 62 = 5*x - j*h. Let i be (1 + 0)/((-2)/(-14)). Calculate the greatest common divisor of x and i.
7
Suppose 3*f + 652 = 5*f. Suppose f = 3*p + q, p + 0*p - 3*q - 122 = 0. Calculate the greatest common factor of 11 and p.
11
Let f be ((-112)/3)/(10/(-15)). What is the highest common divisor of f and 616?
56
Let w be 9/(-2)*(-20)/6. Let z = 6 + -15. Let b be (z/(-2))/((-5)/(-150)). What is the highest common divisor of b and w?
15
Let p be -2*5*(-33)/6. Suppose -4*t = 4*o - 96, 0 = 4*t - 0*o - 2*o - 84. Calculate the highest common factor of p and t.
11
Let m = 25 - 24. Suppose -2*c - 10 = 2*v, 0 = 5*c - 20 - 5. Let p be (-3)/(30/4)*v. Calculate the highest common factor of m and p.
1
Let h = 72 - 49. Calculate the greatest common divisor of h and 253.
23
Let n be (-2 - 1*-3) + 4. Suppose n*w - 131 = 854. Let u = 362 - w. What is the highest common factor of 15 and u?
15
Let c be -1*(-2 + (-4)/4). Let q be -3 - 6*(-10)/c. Calculate the greatest common divisor of 119 and q.
17
Let o(c) = 4*c + 3. Let f be o(3). Suppose 4*w = 4*l - 44 + 116, -78 = -5*w + l. Calculate the highest common divisor of w and f.
15
Suppose 5*h = -3*a - 28, -3*a - 14 = 3*h + 4. Let b be 2 + 0/(-2 + a). Calculate the greatest common divisor of b and 8.
2
Let u(c) = 14*c + 7. Let k be u(6). Calculate the highest common divisor of 13 and k.
13
Suppose 2*g + 0*r + 3*r - 29 = 0, 0 = 2*r - 6. Calculate the highest common divisor of g